{"id":43,"date":"2010-05-01T16:10:22","date_gmt":"2010-05-01T14:10:22","guid":{"rendered":"http:\/\/aurelia-ilvesheim.de\/blog\/?page_id=43"},"modified":"2023-08-09T10:56:36","modified_gmt":"2023-08-09T08:56:36","slug":"choere","status":"publish","type":"page","link":"https:\/\/www.aurelia-ilvesheim.de\/blog\/choere\/","title":{"rendered":"Ch\u00f6re"},"content":{"rendered":"<h2>Frauenchor<\/h2>\n<h3><a href=\"http:\/\/www.aurelia-ilvesheim.de\/blog\/wp-content\/uploads\/2010\/05\/DSCF2033-Kopie.jpg\"><img decoding=\"async\" class=\"alignright size-medium wp-image-134\" title=\"frauenchor\" src=\"http:\/\/www.aurelia-ilvesheim.de\/blog\/wp-content\/uploads\/2010\/05\/DSCF2033-Kopie.jpg\" alt=\"\" width=\"450\"\/><\/a>Chorleitung<\/h3>\n<p>Peter Imhof<\/p>\n<h3>Chorsprecher<\/h3>\n<p>Doris Heller-Kieser&nbsp;und Christiane Lohnert<\/p>\n<h3>Gegr\u00fcndet<\/h3>\n<p>27.02.1985 (mit 33 S\u00e4ngerinnen)<\/p>\n<h3>Chormitglieder<\/h3>\n<p>17 aktive S\u00e4ngerinnen<\/p>\n<h3>Repertoire<\/h3>\n<p>klassische&nbsp;bis moderne Chorliteratur<\/p>\n\n\n<hr class=\"wp-block-separator has-alpha-channel-opacity\"\/>\n\n\n\n<p class=\"has-small-font-size\"><a href=\"https:\/\/www.aurelia-ilvesheim.de\/blog\/termine\/chorproben\/\" data-type=\"page\" data-id=\"782\">Zu den Terminen und Chorproben<\/a><\/p>\n\n<hr \/>\n<h2>M\u00e4nnerchor<\/h2>\n<h3><a href=\"http:\/\/www.aurelia-ilvesheim.de\/blog\/wp-content\/uploads\/2018\/10\/maennerchor.jpg\"><img decoding=\"async\" class=\"alignright size-medium wp-image-138\" title=\"M\u00e4nnerchor\" src=\"http:\/\/www.aurelia-ilvesheim.de\/blog\/wp-content\/uploads\/2018\/10\/maennerchor.jpg\" alt=\"\" width=\"450\"\/><\/a>Chorleitung<\/h3>\n<p>Peter Imhof<\/p>\n<h3>Chorsprecher<\/h3>\n<p>Hans Sturz<\/p>\n<h3>Gegr\u00fcndet<\/h3>\n<p>13. Dezember 1883<\/p>\n<h3>Chormitglieder<\/h3>\n<p>19 aktive S\u00e4nger<\/p>\n<h3>Repertoire<\/h3>\n<p>klassische&nbsp;bis moderne Chorliteratur<\/p>\n\n\n<hr class=\"wp-block-separator has-alpha-channel-opacity\"\/>\n\n\n\n<p class=\"has-small-font-size\"><a href=\"https:\/\/www.aurelia-ilvesheim.de\/blog\/termine\/chorproben\/\" data-type=\"page\" data-id=\"782\">Zu den Terminen und Chorproben<\/a><\/p>\n\n<hr \/>\n<h2>Happy Singers<\/h2>\n<h3><a href=\"http:\/\/www.aurelia-ilvesheim.de\/blog\/wp-content\/uploads\/2010\/05\/HappySingers2015.jpg\"><img loading=\"lazy\" decoding=\"async\" class=\"alignright wp-image-1917 size-medium\" title=\"Happy Singers\" src=\"http:\/\/www.aurelia-ilvesheim.de\/blog\/wp-content\/uploads\/2010\/05\/HappySingers2015-300x200.jpg\" alt=\"\" width=\"300\" height=\"200\" srcset=\"https:\/\/www.aurelia-ilvesheim.de\/blog\/wp-content\/uploads\/2010\/05\/HappySingers2015-300x200.jpg 300w, https:\/\/www.aurelia-ilvesheim.de\/blog\/wp-content\/uploads\/2010\/05\/HappySingers2015-1024x683.jpg 1024w, https:\/\/www.aurelia-ilvesheim.de\/blog\/wp-content\/uploads\/2010\/05\/HappySingers2015.jpg 1600w\" sizes=\"auto, (max-width: 300px) 100vw, 300px\" \/><\/a>Chorleitung<\/h3>\n<p>Armin Seitz<\/p>\n<h3>Chorsprecher<\/h3>\n<p>Beate Bauer&nbsp;und Robert R\u00fcger<\/p>\n<h3>Gegr\u00fcndet<\/h3>\n<p>1994<\/p>\n<h3>Chormitglieder<\/h3>\n<p>28 aktive S\u00e4nger<\/p>\n<h3>Repertoire<\/h3>\n<p>von Klassik bis Pop &#8211; wie es Euch gef\u00e4llt!<\/p>\n\n\n<hr class=\"wp-block-separator has-alpha-channel-opacity\"\/>\n\n\n\n<p class=\"has-small-font-size\"><a href=\"https:\/\/www.aurelia-ilvesheim.de\/blog\/termine\/chorproben\/\" data-type=\"page\" data-id=\"782\">Zu den Terminen und Chorproben<\/a><\/p>\n\n<hr \/>\n<h2>Flora Voices<\/h2>\n\n<h3 class=\"wp-block-heading\"><a href=\"http:\/\/www.aurelia-ilvesheim.de\/blog\/wp-content\/uploads\/2018\/10\/maennerchor.jpg\"><\/a>Chorleitung<\/h3>\n\n\n\n<p>Peter Imhof<\/p>\n\n\n\n<h3 class=\"wp-block-heading\">Chorsprecher<\/h3>\n\n\n\n<p>Gernot Herweh<\/p>\n\n\n\n<h3 class=\"wp-block-heading\">Gegr\u00fcndet<\/h3>\n\n\n\n<p>in MA-K\u00e4fertal &#8211; GV Flora K\u00e4fertal,<br \/>nach deren Aufl\u00f6sung seit 2019 beim MGV Aurelia<\/p>\n\n\n\n<h3 class=\"wp-block-heading\">Chormitglieder<\/h3>\n\n\n\n<p>29 aktive S\u00e4nger<\/p>\n\n\n\n<h3 class=\"wp-block-heading\">Repertoire<\/h3>\n\n\n\n<p>Alte und moderne Musik, Pop, Musical, Spirituals<\/p>\n\n\n\n<hr class=\"wp-block-separator has-alpha-channel-opacity\"\/>\n\n\n\n<p class=\"has-small-font-size\"><a href=\"https:\/\/www.aurelia-ilvesheim.de\/blog\/termine\/chorproben\/\" data-type=\"page\" data-id=\"782\">Zu den Terminen und Chorproben<\/a><\/p>\n\n<hr \/>\n<h2>Chorleitung<\/h2>\n<h2>Peter Imhof<\/h2>\n<p><a href=\"http:\/\/aurelia-ilvesheim.de\/blog\/wp-content\/uploads\/2010\/05\/peter_imhof.jpg\"><img loading=\"lazy\" decoding=\"async\" class=\"alignright size-full wp-image-126\" style=\"margin-left: 30px;\" title=\"Peter Imhof\" src=\"http:\/\/aurelia-ilvesheim.de\/blog\/wp-content\/uploads\/2010\/05\/peter_imhof.jpg\" alt=\"\" width=\"150\" height=\"200\"\/><\/a>Geboren am 25. September 1946 in Schwetzingen, dort wohnhaft.<\/p>\n<p>Besuch der Volksschule und des Hebel-Gymnasiums in Schwetzingen, 1966 Abitur.<\/p>\n<p style=\"text-align: justify;\">Nach der Wehrdienstzeit zun\u00e4chst Studium der F\u00e4cher Mathematik und Biologie, gleichzeitig Chorleiterausbildung an der Badischen Hochschule f\u00fcr Musik Karlsruhe bei Bundeschormeister Prof. Walter Schlageter mit Abschlusspr\u00fcfung im April 1969.<\/p>\n<p style=\"text-align: justify;\">Ab 1969 Studium der Schulmusik und Musikwissenschaft an der Musikhochschule Heidelberg bzw. Universit\u00e4t Heidelberg<strong>. <\/strong>1974&nbsp;1. Staatsexamen f\u00fcr das Lehramt an Gymnasien. 1975-1977 Referendariat in Schwetzingen und 2. Staatsexamen<strong>.<\/strong><\/p>\n<p>Von&nbsp;M\u00e4rz 1977 bis 2011&nbsp;Lehrer f\u00fcr Musik am Peter-Petersen-Gymnasium in Mannheim.<\/p>\n<p style=\"text-align: justify;\">Chorleitert\u00e4tigkeit seit April 1968 im kirchlichen Dienst und bei Ch\u00f6ren des Kurpf\u00e4lzer Chorverbandes Mannheim (MGV Aurelia 1883 Ilvesheim, GV Flora K\u00e4fertal, M\u00e4nnergesangverein Liedertafel Seckenheim)&nbsp;sowie des S\u00e4ngerkreises Speyer. 2009 Gr\u00fcndung des Projektchores Consonanza.<\/p>\n<p style=\"text-align: justify;\">Von&nbsp;1994 bis 2010&nbsp;Kreischorleiter des Kurpf\u00e4lzer Chorverbandes, danach zum Ehrenkreischorleiter ernannt. Pflege des gesamten musikalischen Spektrums, von der Alten Musik bis zum Jazz und der Popularmusik.<\/p>\n<p style=\"text-align: justify;\">Neben zahlreichen Chorkonzerten und Messen von Mozart, Haydn und Schubert auch Auff\u00fchrungen gro\u00dfer Werke f\u00fcr Solisten, Chor und Orchester wie z.B. J. Haydn&nbsp;&#8211; Die Sch\u00f6pfung, F. Mendelssohn-Bartholdy &#8211;&nbsp;Elias, C. Saint-Saens &#8211;&nbsp;Weihnachtsoratorium, R. Car &#8211; Requiem f\u00fcr J. F. Kennedy, C. Orff &#8211;&nbsp;Carmina Burana, W. A. Mozart &#8211;&nbsp;Die Zauberfl\u00f6te.<\/p>\n<h2>Armin R. Seitz<\/h2>\n<p><a href=\"https:\/\/www.aurelia-ilvesheim.de\/blog\/wp-content\/uploads\/2024\/05\/Armin_Seitz.jpg\"><img loading=\"lazy\" decoding=\"async\" class=\"alignright wp-image-2742\" style=\"margin-left: 30px;\" title=\"Armin Seitz\" src=\"https:\/\/www.aurelia-ilvesheim.de\/blog\/wp-content\/uploads\/2024\/05\/Armin_Seitz-169x300.jpg\" alt=\"\" width=\"150\" height=\"266\" srcset=\"https:\/\/www.aurelia-ilvesheim.de\/blog\/wp-content\/uploads\/2024\/05\/Armin_Seitz-169x300.jpg 169w, https:\/\/www.aurelia-ilvesheim.de\/blog\/wp-content\/uploads\/2024\/05\/Armin_Seitz-576x1024.jpg 576w, https:\/\/www.aurelia-ilvesheim.de\/blog\/wp-content\/uploads\/2024\/05\/Armin_Seitz.jpg 720w\" sizes=\"auto, (max-width: 150px) 100vw, 150px\" \/><\/a><\/p>\n<p>Geboren am 23.02.1965 in Karlsruhe, wohnhaft in Heidelberg<\/p>\n<h4>Aus- und Weiterbildung<\/h4>\n<ul>\n<li>1984 Musikabitur am Gymnasium Karlsruhe-Neureut<\/li>\n<li>Ab 1987 Schulmusikstudium an der HfM Freiburg mit den Hauptf\u00e4chern Gesang und Klavier<\/li>\n<li>Ab 1990 Stipendiat der Northwestern School of Music, Chicago, USA<\/li>\n<li>Abschluss zum Master of Music, Major Voice Performance, im August 1991<\/li>\n<li>Von 1997 bis 2000 <span style=\"font-size: revert;\">Ausbildung zum Lehrer der F.M. Alexander Technik (GLAT), Heidelberg<\/span><span style=\"font-size: revert;\">.<\/span><\/li>\n<li>In 2012 Fortbildung zum Jekiss-Chorleiter an der Musikschule M\u00fcnster<\/li>\n<li>In 2014 Aufbaukurs f\u00fcr Jekiss-Chorleiter, Donsieders mit Mareille Reuther<\/li>\n<\/ul>\n<h4>Berufserfahrung<\/h4>\n<ul>\n<li>1992 &#8211; 1998 Theaterchor Ludwigshafen, auch Chorsolist, ca, 20 Produktionen<\/li>\n<li><span style=\"font-size: revert;\">1992 &#8211; 2001 Stimmbildner beim Landesjugendchor Baden-W\u00fcrttemberg<\/span><\/li>\n<li>1995 &#8211; 1997 Badisches Staatstheater Karlsruhe, Verdi <em>Don Carlo<\/em> Flandrischer Deputierter (als Gast)<\/li>\n<li>1995 &#8211; 1999 Lehrauftrag Fachhochschule f\u00fcr Musiktherapie, Heidelberg (Stimmbildung nach funktionaler Theorie)<\/li>\n<li>seit 1996 Chorleiter verschiedenster Formationen (MC, FC, GC, KC)<\/li>\n<li>seit 1998 Lehrauftrag Gesang an Musikschule Mosbach<\/li>\n<li>seit 1999 Lehrauftrag an der HfM Karlsruhe<\/li>\n<li>seit 2001 Anstellung als Fachleiter Gesang an Musikschule Mosbach<br \/>zahlreiche Preistr\u00e4ger bei Jugend Musiziert bis 1. Bundespreis in AG VI<br \/>vielfache Vorbereitung auf Musikabitur und Aufnahmepr\u00fcfungen mit Gesang,<br \/>SolistINNen in Musicalproduktionen und Konzerten<\/li>\n<li>Mai 2002 \/ April 2003 T\u00e9cnica de la Voz (Gesangskurs f\u00fcr Musiklehrer), Majadahonda, Madrid, Spanien<\/li>\n<li>seit 2010 Mentor Gesunde Musikschule, Mosbach<\/li>\n<li>2012 bis 2018 Jekiss-Chorlehrkraft an den Grundschulen Obrigheim und Neunkirchen und in Mosbach<\/li>\n<li>Au\u00dferdem: <br \/>Solokonzerte<br \/>Liederabende<br \/>Solist in Oratorium &amp; Kirchenkonzerte (Bachkantaten, WO, Johannespassion, Messiah, Oratorio de Noel, etc.)<br \/>Mitwirkung (u. Widmungstr\u00e4ger) bei verschiedenen Urauff\u00fchrungen<\/li>\n<\/ul>\n<h4>Momentane Chorleitert\u00e4tigkeit<\/h4>\n<ul>\n<li>MGV S\u00e4ngerbund Sinsheim-Waldangelloch (seit 1996)<br \/>Traditioneller M\u00e4nnerchor<\/li>\n<li>MGV S\u00e4ngerbund 1856 Heidelberg-Rohrbach (seit 2005)<br \/>Traditioneller M\u00e4nnerchor (Konzertreisen ins Trentino etc. \/ bis 2019)<br \/>Popchor \u201emodernunited\u201c (Gr\u00fcndung 2005)<\/li>\n<li>A Capella Dielheim (seit 2023), M\u00e4nner-Ensemble Klassik bis Pop<\/li>\n<li>Vokalensemble Musikschule Mosbach (seit 2012)<\/li>\n<li>Grundschulchor &#8222;R\u00fcckenwind&#8220; Neunkirchen (seit 2023)<\/li>\n<li>Jekiss-Schulch\u00f6re in Mosbach (wieder ab Sept 2024)<\/li>\n<\/ul>\n\n\n<p><\/p>\n\n","protected":false},"excerpt":{"rendered":"<p>Frauenchor M\u00e4nnerchor Happy Singers Flora Voices Chorleitung<\/p>\n","protected":false},"author":1,"featured_media":0,"parent":0,"menu_order":3,"comment_status":"closed","ping_status":"open","template":"","meta":{"_monsterinsights_skip_tracking":false,"_monsterinsights_sitenote_active":false,"_monsterinsights_sitenote_note":"","_monsterinsights_sitenote_category":0,"ngg_post_thumbnail":0,"footnotes":""},"class_list":["post-43","page","type-page","status-publish","hentry","nodate","item-wrap"],"_links":{"self":[{"href":"https:\/\/www.aurelia-ilvesheim.de\/blog\/wp-json\/wp\/v2\/pages\/43","targetHints":{"allow":["GET"]}}],"collection":[{"href":"https:\/\/www.aurelia-ilvesheim.de\/blog\/wp-json\/wp\/v2\/pages"}],"about":[{"href":"https:\/\/www.aurelia-ilvesheim.de\/blog\/wp-json\/wp\/v2\/types\/page"}],"author":[{"embeddable":true,"href":"https:\/\/www.aurelia-ilvesheim.de\/blog\/wp-json\/wp\/v2\/users\/1"}],"replies":[{"embeddable":true,"href":"https:\/\/www.aurelia-ilvesheim.de\/blog\/wp-json\/wp\/v2\/comments?post=43"}],"version-history":[{"count":5,"href":"https:\/\/www.aurelia-ilvesheim.de\/blog\/wp-json\/wp\/v2\/pages\/43\/revisions"}],"predecessor-version":[{"id":2689,"href":"https:\/\/www.aurelia-ilvesheim.de\/blog\/wp-json\/wp\/v2\/pages\/43\/revisions\/2689"}],"wp:attachment":[{"href":"https:\/\/www.aurelia-ilvesheim.de\/blog\/wp-json\/wp\/v2\/media?parent=43"}],"curies":[{"name":"wp","href":"https:\/\/api.w.org\/{rel}","templated":true}]}}